-15)*(45 - k).
2, 3
Let u = -8 - 0. Let w(j) = -j**2 - 9*j - 1. Let n be w(u). Suppose 5*v = 5*r - 28 - n, 12 = 3*v. What are the prime factors of r?
11
Suppose -2*n - 2 = 0, n - 2*n = 4*d - 27. Suppose -19 = -4*g + q, g + g = 3*q + d. Suppose g = j + 3*v, -2*v + 4 = 2. What are the prime factors of j?
2
Let x(g) = g - 1 - 2 + 4. Let b be x(1). Suppose -3*i = d, 2*d - 7*d + 34 = -b*i. List the prime factors of d.
2, 3
What are the prime factors of (-942)/(-18) + 1 - 4/(-6)?
2, 3
Let a = -59 - -91. List the prime factors of a.
2
Let i = 146 + -97. List the prime factors of i.
7
Let u = -5 + 10. What are the prime factors of u + -5 + 1*2?
2
Let n(d) = 6*d - 12. List the prime factors of n(5).
2, 3
List the prime factors of -20 - -18 - 174/(-2).
5, 17
Let z be 78/(-8) + 3/(-12). What are the prime factors of (28/z)/((-6)/30)?
2, 7
Let y = 12 + 0. Suppose -4 = -i - i. List the prime factors of (i + y/9)*3.
2, 5
Suppose -4*s + 8 = -4*u, u - 2*u = 4*s - 8. Suppose 0 = 5*o + 20, -s*d + 4*o + 33 + 49 = 0. List the prime factors of d.
3, 11
Let q(u) = u**3 - u**2 - u - 1. Let a(k) = -4*k**3 + 4*k**2 + 7*k + 4. Let s(o) = a(o) + 5*q(o). List the prime factors of s(2).
7
Let n(c) = c**2 - 15*c + 5. Let x(w) = w**2 - 16*w + 5. Let j(z) = 7*n(z) - 6*x(z). Let k be j(8). List the prime factors of ((-1)/k)/((-3)/(-45)).
5
Suppose 26 = 2*n + s, -7*s + 3*s - 28 = -3*n. List the prime factors of n.
2, 3
Suppose -5*b - 5*d + 1590 = 0, -3*d - 163 = 5*b - 1757. List the prime factors of b.
2, 5
Let n(x) be the third derivative of x**6/120 + x**5/12 - x**4/12 + x**3/3 - 5*x**2. List the prime factors of n(-5).
2, 3
Suppose 3*r + r = 200. Suppose 3*u - 25 = r. What are the prime factors of u?
5
Let x(s) = -2*s - 3. Let i be x(-2). Suppose -5*j + 76 = i. Suppose 3*w - j = -2*w. What are the prime factors of w?
3
Let h = -4 + 117. Let z = -70 + h. What are the prime factors of z?
43
Suppose 17 + 25 = 3*i. What are the prime factors of i?
2, 7
Suppose -2*q + 71 + 5 = 0. Let p = -16 + q. Let s = -13 + p. What are the prime factors of s?
3
Suppose 288 = o + 2*o. Suppose 3*b - o = -b. List the prime factors of b.
2, 3
Let z(g) = g**2 - 7*g + 4. Let m be z(3). What are the prime factors of (6/4)/((-6)/m)?
2
What are the prime factors of (-1)/5 + (-132)/(-10)?
13
Let x(d) = -d. Let b be x(-9). Suppose -t - 1 + b = 0. Suppose -o - t = -2*o. What are the prime factors of o?
2
List the prime factors of (38/95)/(2/60 + 0).
2, 3
Let m = 39 - 23. What are the prime factors of m?
2
Suppose 16 - 40 = -3*l. Suppose 0 = -l*f + 9*f - 46. What are the prime factors of f?
2, 23
Suppose 2*i - 3*i = l - 51, -i - 145 = -3*l. What are the prime factors of l?
7
Suppose 4*n - 448 = 172. What are the prime factors of n?
5, 31
Let y(j) = 4*j**2 + 4*j + 2. Let m = -5 + 3. Let d be y(m). Let w = 16 - d. What are the prime factors of w?
2, 3
Let u(f) = 7*f. Suppose 0*d - 5*d = -5. Let t be u(d). Suppose 0 = -5*q + 13 + t. List the prime factors of q.
2
Let l = 36 - -142. List the prime factors of l.
2, 89
Let l = 25 + -11. List the prime factors of l.
2, 7
Let g = -2 + 14. Let u be (-1)/2 - 4/8. Let k = u + g. What are the prime factors of k?
11
Suppose -5*g = 2*z - 503, -2*z + 48 = 3*g - 253. What are the prime factors of g?
101
Let q(t) = -t**3 - 12*t**2 - 19*t + 6. List the prime factors of q(-11).
2, 47
Let k(y) = y**3 + 6*y**2 - 5*y + 10. Let o be k(-7). Let h be ((-1)/o)/((-1)/(-4)). Let m = 3 - h. List the prime factors of m.
2
Let n(l) = l**3 + 8*l**2 + 6*l - 5. Let a be n(-7). Let w = 5 - a. Suppose -4*v - 3*q = -69, 2*v + 4*q = w*v - 22. List the prime factors of v.
2, 3
List the prime factors of 1*(-49 + -2 + 2)*-2.
2, 7
Suppose 3*z + 5*p + 8 = 0, p = z + 2*z - 16. What are the prime factors of (z/(-6))/((-1)/33)?
2, 11
Let z(j) = 2*j**2 - 2. Let u be z(3). Let b = u - -23. What are the prime factors of b?
3, 13
Suppose 0 = 5*c - 35 + 10. Suppose -2*g - o + 100 = -6*o, 250 = c*g + 5*o. List the prime factors of g.
2, 5
Suppose -d - 4 + 61 = -4*y, 4*d + 4*y = 228. List the prime factors of d.
3, 19
Let j(k) = 5*k**2 - 5*k + 3. Suppose -3*g + 7 = -2. List the prime factors of j(g).
3, 11
Suppose 0 = h + 4 - 31. What are the prime factors of h?
3
Let z(s) = s**3 + s**2 + 5*s + 5. Let n be z(7). Suppose 0*h + 3*h = -n. What are the prime factors of 2/(-7) + h/(-14)?
2, 5
Suppose -2*y = -3 - 1. What are the prime factors of (y + 1)*66/18?
11
Let p = 21 - 11. Suppose -151 = -5*c + t, 0*c - 119 = -4*c - t. Suppose 5*o - p = c. List the prime factors of o.
2
Suppose -b + 0*b + 1 = 0. Let m = -1 - b. List the prime factors of 2/(m/7*-1).
7
Let z = 9 - 1. Suppose -5*j = 5*u + 10, 2*u + z = 3*j - 7*j. What are the prime factors of u/(-1) + (6 - -8)?
2, 7
Suppose 0*o - 5*o - 70 = 0. List the prime factors of (o/(-6))/(2/6).
7
Let c be (-1 - -8) + 3/(-3). Let w = c - -1. What are the prime factors of w?
7
Suppose 171 = 10*n - 7*n. What are the prime factors of n?
3, 19
Let p = -2 - -5. Suppose -p*v = -12, -4*v + 0*v = -2*j - 6. Suppose 15 = 5*z - j. List the prime factors of z.
2
Suppose 2*x = -5*x + 623. List the prime factors of x.
89
Suppose 2*p = -2*p + 60. Suppose -3*a + p = -0*a. What are the prime factors of a?
5
Suppose 11 + 23 = a. List the prime factors of a.
2, 17
Let d(y) be the second derivative of y**6/60 + y**5/120 - y**4/12 + y. Let w(f) be the third derivative of d(f). List the prime factors of w(1).
13
Let n(t) = t + 4. Let r be n(6). What are the prime factors of (1 + 1)/(5/r)?
2
Let z(s) = s**2 - s + 5. Let b be z(0). Let f = -346 - -240. What are the prime factors of f/(-10) + 2/b?
11
Suppose 9 + 1 = 2*n. Let d(o) = 7*o + 2*o - 9 + 6*o + o**2 - n*o. List the prime factors of d(-11).
2
Let i(z) = -9*z**2 - 7*z + 4. Let y(c) = 19*c**2 + 15*c - 9. Let w(a) = -13*i(a) - 6*y(a). List the prime factors of w(-2).
2, 3
Let l = 43 - 26. List the prime factors of l.
17
Suppose u = -x + 2*x + 28, -2*x = 6. What are the prime factors of u?
5
Let w = -69 - -128. Suppose -3*y = -w - 79. What are the prime factors of y?
2, 23
Suppose -2*c + 3*c - 2 = 0. Suppose 0 = r + c*r - 15. Let w(h) = 3*h + 7. List the prime factors of w(r).
2, 11
Let o(m) = -m + 1. Let z be o(-5). List the prime factors of z/(-45)*3*-105.
2, 3, 7
List the prime factors of (-6)/4 + (1326/12 - -5).
2, 3, 19
List the prime factors of (260/(-91))/(1/(-7)).
2, 5
List the prime factors of ((-52)/8)/(2/(-4)).
13
Let g(w) = w**3 - 2*w**2 + 1. Suppose -4*u = -0*m + 5*m - 37, -3*m = -3*u - 6. List the prime factors of g(u).
2, 5
List the prime factors of (-8)/(-60) + (-1192)/(-60).
2, 5
What are the prime factors of 2/(-3) - 10/(-6) - -158?
3, 53
Let w be 70/8 - (-2)/8. Suppose -4*v - p + 8 + 6 = 0, -v = 3*p - w. What are the prime factors of v?
3
Let o = 128 + -74. List the prime factors of o.
2, 3
List the prime factors of (14/(-3))/((-18)/351).
7, 13
Let f = -11 - -9. Let d(r) be the first derivative of 2*r**3/3 + r**2 + 2*r - 1. What are the prime factors of d(f)?
2, 3
Let s be -38*((-15)/6 - -1). Let o = -23 + s. List the prime factors of o.
2, 17
Let i = -56 + 100. What are the prime factors of i?
2, 11
List the prime factors of (-276)/(-3) + (-2 - (-4)/2).
2, 23
List the prime factors of -10*10*32/(-20).
2, 5
Let w = 131 + -67. Let j be (-3 - -6)/((-6)/(-4)). Suppose 6*c - j*c - w = 0. List the prime factors of c.
2
Suppose -4*n + 74 = -118. List the prime factors of 12/n + (-166)/(-8).
3, 7
Suppose -l = 4*c + 5, -2*c = 2*l - 7*c - 16. Suppose l*m + m = -5*d + 53, 5*m = 5*d + 55. What are the prime factors of m?
2, 3
Let f = 35 - 20. List the prime factors of f.
3, 5
Let m(w) = w**3 + w**2. Let i(x) = 3*x**3 + 15*x**2 + 13*x - 18. Let k(l) = -i(l) + 4*m(l). What are the prime factors of k(12)?
2, 3
Suppose 11*v = -v + 552. What are the prime factors of v?
2, 23
Let t(w) = w + 10. Suppose 4*c + 13 = 2*r - 31, 3*r - 56 = 5*c. Let z = 4 + c. What are the prime factors of t(z)?
2
Let a(n) = -n**3 - 7*n**2 + 7*n + 1. Let k be a(-8). Let u = 29 - 11. List the prime factors of 2/k + 140/u.
2
Let y(l) = 22*l - 44. What are the prime factors of y(10)?
2, 11
Let f(o) = -o + 9. Let h be f(13). List the prime factors of 0 + (-34)/(h/2).
17
Let n = -41 + 61. What are the prime factors of n?
2, 5
Suppose -3*k + 4*n = 2*n + 104, 0 = 